What is the units digit of 2039960?
0
What is the hundred thousands digit of 2790769?
7
What is the units digit of 91589?
9
What is the ten thousands digit of 1429774?
2
What is the tens digit of 150762?
6
What is the thousands digit of 2349414?
9
What is the tens digit of 199603?
0
What is the ten thousands digit of 6343888?
4
What is the ten thousands digit of 940193?
4
What is the hundred thousands digit of 4873047?
8
What is the tens digit of 392320?
2
What is the units digit of 4337261?
1
What is the hundred thousands digit of 6701229?
7
What is the ten thousands digit of 11071269?
7
What is the hundreds digit of 4221168?
1
What is the thousands digit of 110815?
0
What is the ten thousands digit of 143476?
4
What is the hundred thousands digit of 440223?
4
What is the hundred thousands digit of 106041?
1
What is the hundred thousands digit of 2487357?
4
What is the hundreds digit of 453089?
0
What is the tens digit of 7478469?
6
What is the units digit of 515965?
5
What is the tens digit of 3518705?
0
What is the ten thousands digit of 397811?
9
What is the millions digit of 14509687?
4
What is the tens digit of 27692?
9
What is the units digit of 97284?
4
What is the thousands digit of 387755?
7
What is the hundreds digit of 7031301?
3
What is the units digit of 440328?
8
What is the units digit of 17192470?
0
What is the units digit of 207030?
0
What is the hundred thousands digit of 20614092?
6
What is the millions digit of 2149743?
2
What is the hundreds digit of 609508?
5
What is the thousands digit of 14161?
4
What is the hundreds digit of 744182?
1
What is the thousands digit of 457110?
7
What is the units digit of 5109045?
5
What is the ten thousands digit of 1085086?
8
What is the thousands digit of 31294?
1
What is the hundred thousands digit of 2816817?
8
What is the millions digit of 3013456?
3
What is the millions digit of 1901094?
1
What is the units digit of 1701766?
6
What is the units digit of 7071825?
5
What is the tens digit of 770247?
4
What is the hundred thousands digit of 607992?
6
What is the ten thousands digit of 1182619?
8
What is the hundred thousands digit of 293515?
2
What is the millions digit of 1724766?
1
What is the thousands digit of 43069839?
9
What is the ten thousands digit of 186605?
8
What is the units digit of 393917?
7
What is the hundreds digit of 16498477?
4
What is the ten thousands digit of 224652?
2
What is the ten thousands digit of 11354419?
5
What is the hundreds digit of 180875?
8
What is the millions digit of 1899764?
1
What is the hundreds digit of 6099463?
4
What is the thousands digit of 510715?
0
What is the ten thousands digit of 1780595?
8
What is the hundreds digit of 2364681?
6
What is the hundreds digit of 4553079?
0
What is the tens digit of 63322?
2
What is the hundreds digit of 1460650?
6
What is the hundred thousands digit of 1658726?
6
What is the thousands digit of 11827816?
7
What is the hundreds digit of 3499620?
6
What is the thousands digit of 367770?
7
What is the millions digit of 1090814?
1
What is the thousands digit of 6004228?
4
What is the ten millions digit of 20923722?
2
What is the hundred thousands digit of 137229?
1
What is the units digit of 32790932?
2
What is the hundred thousands digit of 13672385?
6
What is the units digit of 407925?
5
What is the tens digit of 12691654?
5
What is the ten thousands digit of 1915235?
1
What is the hundreds digit of 2374310?
3
What is the ten thousands digit of 31960230?
6
What is the thousands digit of 2221899?
1
What is the ten millions digit of 14979804?
1
What is the thousands digit of 31970578?
0
What is the hundred thousands digit of 375808?
3
What is the tens digit of 84334?
3
What is the hundreds digit of 1107101?
1
What is the tens digit of 126302?
0
What is the ten millions digit of 16758233?
1
What is the tens digit of 7170132?
3
What is the ten thousands digit of 1840776?
4
What is the hundreds digit of 257291?
2
What is the ten thousands digit of 1293648?
9
What is the ten thousands digit of 764375?
6
What is the hundreds digit of 245609?
6
What is the ten thousands digit of 1549978?
4
What is the ten thousands digit of 112395?
1
What is the hundred thousands digit of 8369559?
3
What is the thousands digit of 7456?
7
What is the hundred thousands digit of 233082?
2
What is the ten thousands digit of 1425484?
2
What is the units digit of 6248877?
7
What is the ten thousands digit of 15799551?
9
What is the hundreds digit of 1698261?
2
What is the units digit of 2203504?
4
What is the tens digit of 104117?
1
What is the hundred thousands digit of 2032464?
0
What is the hundred thousands digit of 1302421?
3
What is the tens digit of 3688842?
4
What is the hundreds digit of 762598?
5
What is the thousands digit of 9331282?
1
What is the millions digit of 3646040?
3
What is the ten millions digit of 30294044?
3
What is the ten millions digit of 16275196?
1
What is the tens digit of 62569?
6
What is the ten millions digit of 28486774?
2
What is the thousands digit of 931893?
1
What is the tens digit of 203679?
7
What is the thousands digit of 694704?
4
What is the thousands digit of 986892?
6
What is the units digit of 32842912?
2
What is the ten thousands digit of 263467?
6
What is the units digit of 593634?
4
What is the thousands digit of 306674?
6
What is the thousands digit of 2840789?
0
What is the hundred thousands digit of 16990748?
9
What is the thousands digit of 52534?
2
What is the units digit of 404910?
0
What is the hundred thousands digit of 10315365?
3
What is the hundreds digit of 561079?
0
What is the hundreds digit of 7951566?
5
What is the thousands digit of 1278537?
8
What is the units digit of 376?
6
What is the units digit of 508809?
9
What is the units digit of 1922883?
3
What is the hundred thousands digit of 1104670?
1
What is the thousands digit of 2700435?
0
What is the hundred thousands digit of 4163514?
1
What is the ten thousands digit of 4491479?
9
What is the hundreds digit of 361912?
9
What is the tens digit of 241426?
2
What is the units digit of 536396?
6
What is the hundreds digit of 951678?
6
What is the ten millions digit of 10174956?
1
What is the ten thousands digit of 741435?
4
What is the units digit of 431737?
7
What is the hundreds digit of 2089285?
2
What is the ten thousands digit of 444830?
4
What is the millions digit of 6492883?
6
What is the hundred thousands digit of 218087?
2
What is the hundred thousands digit of 631189?
6
What is the thousands digit of 194983?
4
What is the millions digit of 9955598?
9
What is the hundred thousands digit of 13909884?
9
What is the hundreds digit of 1774181?
1
What is the units digit of 31484661?
1
What is the units digit of 336475?
5
What is the ten thousands digit of 66155?
6
What is the ten thousands digit of 953636?
5
What is the thousands digit of 824516?
4
What is the ten thousands digit of 2045047?
4
What is the ten thousands digit of 1797390?
9
What is the thousands digit of 3829229?
9
What is the tens digit of 1461441?
4
What is the ten thousands digit of 379450?
7
What is the hundreds digit of 184440?
4
What is the thousands digit of 415264?
5
What is the thousands digit of 8316586?
6
What is the thousands digit of 4426913?
6
What is the ten millions digit of 20286252?
2
What is the ten thousands digit of 347992?
4
What is the units digit of 508925?
5
What is the tens digit of 180404?
0
What is the millions digit of 11866094?
1
What is the thousands digit of 791331?
1
What is the tens digit of 58890?
9
What is the units digit of 218424?
4
What is the ten millions digit of 28608125?
2
What is the millions digit of 1055483?
1
What is the tens digit of 471830?
3
What is the ten thousands digit of 630238?
3
What is the tens digit of 2865786?
8
What is the hundred thousands digit of 4640952?
6
What is the tens digit of 28487?
8
What is the hundred thousands digit of 13946275?
9
What is the units digit of 65692?
2
What is the hundred thousands digit of 526235?
5
What is the thousands digit of 4917648?
7
What is the hundreds digit of 5384122?
1
What is the hundreds digit of 9448160?
1
What is the hundreds digit of 663576?
5
What is the hundreds digit of 291210?
2
What is the thousands digit of 476012?
6
What is the tens